{"id":130,"date":"2025-12-29T19:09:02","date_gmt":"2025-12-29T18:09:02","guid":{"rendered":"http:\/\/localhost:8888\/marie\/wordpress\/index.php\/silverstorm\/"},"modified":"2026-03-23T16:42:26","modified_gmt":"2026-03-23T15:42:26","slug":"silverstorm","status":"publish","type":"page","link":"https:\/\/le-jardin-de-marie.fr\/","title":{"rendered":"Front Page"},"content":{"rendered":"<div data-colibri-id=\"130-c1\" class=\"style-184 style-local-130-c1 position-relative\">\n  <!---->\n  <div data-colibri-component=\"section\" data-colibri-id=\"130-c2\" id=\"about\" class=\"h-section h-section-global-spacing d-flex align-items-lg-center align-items-md-center align-items-center style-188 style-local-130-c2 position-relative\">\n    <!---->\n    <!---->\n    <div class=\"h-section-grid-container h-section-boxed-container\">\n      <!---->\n      <div data-colibri-id=\"130-c3\" class=\"h-row-container gutters-row-lg-0 gutters-row-md-0 gutters-row-0 gutters-row-v-lg-0 gutters-row-v-md-0 gutters-row-v-0 style-189 style-local-130-c3 position-relative\">\n        <!---->\n        <div class=\"h-row justify-content-lg-center justify-content-md-center justify-content-center align-items-lg-stretch align-items-md-stretch align-items-stretch gutters-col-lg-0 gutters-col-md-0 gutters-col-0 gutters-col-v-lg-0 gutters-col-v-md-0 gutters-col-v-0\">\n          <!---->\n          <div class=\"h-column h-column-container d-flex h-col-lg-auto h-col-md-auto h-col-auto style-190-outer style-local-130-c4-outer\">\n            <div data-colibri-id=\"130-c4\" class=\"d-flex h-flex-basis h-column__inner h-px-lg-0 h-px-md-0 h-px-0 v-inner-lg-0 v-inner-md-0 v-inner-0 style-190 style-local-130-c4 position-relative\">\n              <!---->\n              <!---->\n              <div class=\"w-100 h-y-container h-column__content h-column__v-align flex-basis-100 align-self-lg-start align-self-md-start align-self-start\">\n                <!---->\n                <div data-colibri-id=\"130-c5\" class=\"h-global-transition-all h-heading style-191 style-local-130-c5 position-relative h-element\">\n                  <!---->\n                  <div class=\"h-heading__outer style-191 style-local-130-c5\">\n                    <!---->\n                    <!---->\n                    <h5 class=\"\">A propos&nbsp;<\/h5>\n                  <\/div>\n                <\/div>\n                <div data-colibri-id=\"130-c6\" class=\"h-global-transition-all h-heading style-192 style-local-130-c6 position-relative h-element\">\n                  <!---->\n                  <div class=\"h-heading__outer style-192 style-local-130-c6\">\n                    <!---->\n                    <!---->\n                    <h2 class=\"\">L&rsquo;histoire du Jardin de Marie<\/h2>\n                  <\/div>\n                <\/div>\n                <div data-colibri-id=\"130-c7\" class=\"h-text h-text-component style-193 style-local-130-c7 position-relative h-element\">\n                  <!---->\n                  <!---->\n                  <div class=\"\">\n                    <p><em>Dans l\u2019intimit\u00e9 d\u2019un atelier o\u00f9 naissent les formes et les couleurs, Le Jardin de Marie cultive la beaut\u00e9 du fait main.<\/em><\/p>\n                    <p>Bienvenue&nbsp;<strong>au Jardin de Marie<\/strong>, lieu de cr\u00e9ation et d\u2019expression o\u00f9 chaque objet est une&nbsp;<strong>histoire en soi<\/strong>. Marie, cr\u00e9atrice passionn\u00e9e, imagine et fa\u00e7onne avec soin des pi\u00e8ces artisanales uniques\n                      \u2014&nbsp;<strong>mugs, tasses personnalis\u00e9es, accessoires textiles, pochettes et objets \u00e0 offrir<\/strong>&nbsp;\u2014 toutes pens\u00e9es pour embellir le quotidien et accompagner les instants pr\u00e9cieux de la vie.&nbsp;<\/p>\n                    <p>Chaque cr\u00e9ation est con\u00e7ue comme une&nbsp;<strong>petite po\u00e9sie tactile<\/strong>&nbsp;: une tasse devenue complice de vos matins, une pochette qui raconte vos secrets, un objet personnalis\u00e9 qui c\u00e9l\u00e8bre vos liens. Ici, la mati\u00e8re devient\n                      mati\u00e8re vivante, anim\u00e9e par le souffle de l\u2019intention et le geste d\u00e9licat de la main.&nbsp;<\/p>\n                    <h3><strong>L\u2019esprit des cr\u00e9ations<\/strong><\/h3>\n                    <ul>\n                      <li><strong>Authenticit\u00e9 et singularit\u00e9<\/strong>&nbsp;: Chaque objet sort de l\u2019atelier avec sa propre empreinte, loin de la production industrielle, pour offrir&nbsp;<strong>une \u00e9motion vraie<\/strong>&nbsp;\u00e0 celui qui le re\u00e7oit ou l\u2019utilise.&nbsp;<\/li>\n                      <li><strong>Personnalisation et sens<\/strong>&nbsp;: Les cr\u00e9ations peuvent \u00eatre personnalis\u00e9es, transformant un simple accessoire en&nbsp;<strong>souvenir, cadeau ou talisman du quotidien<\/strong>.&nbsp;<\/li>\n                    <\/ul>\n                    <h3><strong>Une esth\u00e9tique au service des \u00e9motions<\/strong><\/h3>\n                    <p><em>Le Jardin de Marie<\/em>&nbsp;n\u2019est pas seulement une boutique : c\u2019est un atelier d\u2019\u00e9motions et de sens, o\u00f9 les objets deviennent des messagers de douceur, d\u2019attention et de charme. Les tasses invitent \u00e0 savourer l\u2019instant, les\n                      pochettes prot\u00e8gent vos tr\u00e9sors avec \u00e9l\u00e9gance, et chaque pi\u00e8ce raconte une&nbsp;<strong>histoire singuli\u00e8re aussi bien qu\u2019universelle<\/strong>.&nbsp;<\/p>\n                    <p>\n                      <br>\n                    <\/p>\n                  <\/div>\n                <\/div>\n              <\/div>\n            <\/div>\n          <\/div>\n          <div class=\"h-column h-column-container d-flex h-col-lg-auto h-col-md-auto h-col-auto style-194-outer style-local-130-c8-outer\">\n            <div data-colibri-id=\"130-c8\" class=\"d-flex h-flex-basis h-column__inner h-ui-empty-state-container h-px-lg-2 h-px-md-2 h-px-2 v-inner-lg-2 v-inner-md-2 v-inner-2 style-194 style-local-130-c8 position-relative\">\n              <!---->\n              <!---->\n              <div class=\"w-100 h-y-container h-column__content h-column__v-align flex-basis-100\">\n                <!---->\n              <\/div>\n            <\/div>\n          <\/div>\n        <\/div>\n      <\/div>\n    <\/div>\n  <\/div>\n<\/div>","protected":false},"excerpt":{"rendered":"<p>A propos&nbsp; L&rsquo;histoire du Jardin de Marie Dans l\u2019intimit\u00e9 d\u2019un atelier o\u00f9 naissent [&hellip;]<\/p>\n","protected":false},"author":1,"featured_media":0,"parent":0,"menu_order":0,"comment_status":"closed","ping_status":"closed","template":"page-templates\/homepage.php","meta":{"footnotes":""},"class_list":["post-130","page","type-page","status-publish","hentry"],"jetpack_sharing_enabled":true,"_links":{"self":[{"href":"https:\/\/le-jardin-de-marie.fr\/index.php\/wp-json\/wp\/v2\/pages\/130","targetHints":{"allow":["GET"]}}],"collection":[{"href":"https:\/\/le-jardin-de-marie.fr\/index.php\/wp-json\/wp\/v2\/pages"}],"about":[{"href":"https:\/\/le-jardin-de-marie.fr\/index.php\/wp-json\/wp\/v2\/types\/page"}],"author":[{"embeddable":true,"href":"https:\/\/le-jardin-de-marie.fr\/index.php\/wp-json\/wp\/v2\/users\/1"}],"replies":[{"embeddable":true,"href":"https:\/\/le-jardin-de-marie.fr\/index.php\/wp-json\/wp\/v2\/comments?post=130"}],"version-history":[{"count":11,"href":"https:\/\/le-jardin-de-marie.fr\/index.php\/wp-json\/wp\/v2\/pages\/130\/revisions"}],"predecessor-version":[{"id":344,"href":"https:\/\/le-jardin-de-marie.fr\/index.php\/wp-json\/wp\/v2\/pages\/130\/revisions\/344"}],"wp:attachment":[{"href":"https:\/\/le-jardin-de-marie.fr\/index.php\/wp-json\/wp\/v2\/media?parent=130"}],"curies":[{"name":"wp","href":"https:\/\/api.w.org\/{rel}","templated":true}]}}